(7)?
9
Suppose 11*z + 12*z = 41653. What is the thousands digit of z?
1
Let z(m) = -5*m**2 - 1. Let h be z(-3). Let c = 43 - h. What is the units digit of c?
9
Suppose 4 - 7 = -c. Suppose 2*a + 2*a - 3*n = 0, -c*a = -4*n. Suppose 2*r = -j + 13, j + a - 1 = r. What is the units digit of r?
4
Let v(f) = -19*f - 5. Let o(z) = -z. Let j(r) = -3*o(r) + v(r). Let t be j(4). What is the tens digit of (-1)/(-5) - t/5?
1
Let t be 2628/15 - (-13)/(-65). Suppose 2*v = 3*x - x - 118, -3*x + 4*v = -t. What is the tens digit of x?
6
What is the thousands digit of (252/8 - -3)/(6/232)?
1
Let g be (-44)/(-55) + (-206)/(-5). Let i = g + -5. What is the tens digit of i?
3
Let t = 97 + -62. What is the tens digit of (-70)/t + (130 - 1)?
2
Let n(j) = 2*j**3 - 3*j**2 - 3*j + 4. Let k be n(3). Suppose k = 2*i - i. What is the tens digit of i?
2
Let d(g) = -g**2 - 6*g - 1. Let q be d(-6). Let m = 5 - q. Suppose 55 = m*c - c. What is the tens digit of c?
1
Let i(n) = -9*n**3 - 7*n**2 - 24*n + 1. What is the units digit of i(-6)?
7
Let u(h) = 22*h**2 + 58*h + 5. What is the hundreds digit of u(-7)?
6
Let x(z) = 18*z**2. Let l be x(-1). Suppose 2*y + 3*q = 11, 0*q + 39 = 5*y - 4*q. Let n = y + l. What is the tens digit of n?
2
Suppose -66 = -0*f - f. What is the tens digit of f?
6
Suppose 4*z + 4473 = 25*z. What is the units digit of z?
3
Let n(x) = -2*x - 16. Let u be n(-11). What is the tens digit of u/(-12) + (-53)/(-2)?
2
Suppose -5*w = -8*w + 3. What is the units digit of w?
1
Let o(t) = -3 + 16*t - 49*t - 15*t. Suppose 21*d + 14 = 7*d. What is the units digit of o(d)?
5
Let o(p) = -162*p - 91. What is the hundreds digit of o(-3)?
3
Let b be -1 + (3 - 0 - -4). Suppose -4*z + 99 = 5*h, -3*z = b*h - 2*h - 73. What is the units digit of z?
1
Let m = 4854 + -2100. What is the tens digit of m?
5
Suppose 3*s - l - 4*l + 146 = 0, 34 = -s - 2*l. What is the tens digit of ((-10)/(-2))/(2 + s/22)?
5
What is the tens digit of 7 - 12/(36/(-3615))?
1
Let z be -4*5/(-10)*52. What is the units digit of 1103/13 - (-16)/z?
5
Let c be ((-28)/35)/(2/(-10)). Let x be (60 + 0)/(-13 - -14). Suppose c*w - x = 2*w + u, 5*u - 30 = -w. What is the tens digit of w?
3
Let o(p) = p**2 + 6*p + 3. Let i be o(-6). Suppose 2*q - i = q. Suppose 3*f - 84 = q*k, -66 = -2*f + 4*k - 0*k. What is the tens digit of f?
2
Suppose -2064 = -20*a + 3276. What is the units digit of a?
7
Let m(v) = -14*v - 6. Let o(d) = -d**3 + 8*d**2 + 8*d + 2. Let z be o(9). What is the units digit of m(z)?
2
Let o(j) = 2*j. Let w(u) = 6 + 2 + 1 + 3*u + 11. Let t be w(-6). What is the units digit of o(t)?
4
Suppose v - 537 = -v - b, -b - 267 = -v. What is the units digit of v?
8
Let v(o) = 31*o + 4. Let r be v(-4). Suppose 3*w + w = -20. What is the tens digit of r/w - 3/(-1)?
2
Suppose 319 = 3*c - 4*v, c + 416 = 5*c - 3*v. Let z be (-8)/(-20) + 13/5. Suppose -z*l + 13 = -c. What is the units digit of l?
8
Let s(a) = -35*a - 27. What is the units digit of s(-11)?
8
Let a(c) = 3*c**3 - 3*c + 3. Let s be a(2). Suppose -h - 3 = 4*j - 12, j - 4*h = -2. Let r = s - j. What is the units digit of r?
9
Let r(y) = y**2 + 4*y + 3. Let z be r(-3). What is the tens digit of -10 + 14 + 60 + z?
6
Let u = 1354 + -956. What is the hundreds digit of u?
3
Let j(o) = o**3 - 6*o**2 + 7*o - 5. Suppose -20 = -2*h - u, 5*h - 20 = -5*u + 30. Suppose 3*n - 2*q - h = 11, 2*n + 2 = -4*q. What is the units digit of j(n)?
5
Let s(z) = 4*z + 13. Let w = -6 + 0. Let o be s(w). Let c = o - -18. What is the units digit of c?
7
Let c be ((-15)/(-10))/((-9)/(-12)). Suppose -c*l - 2*l + 42 = r, 16 = -4*l. Suppose -g + r = g. What is the units digit of g?
9
Let s(y) = -5*y**3 - 13*y**2 - 7. Let b(m) = -4*m**3 - 13*m**2 - m - 8. Let f(u) = -6*b(u) + 5*s(u). What is the units digit of f(13)?
1
Suppose 4*m + 3*r + 2 = 14, r = m - 3. Suppose m*v - 12 = -v. Suppose v*j = 20 + 16. What is the tens digit of j?
1
Let a be (1380/(-50))/(2/(-25)). Suppose 3*g - 2*s = s + a, 0 = 4*g - s - 457. What is the units digit of g?
4
Let j(y) = 106*y**2 - y + 6. What is the thousands digit of j(5)?
2
Let d be (11/(-22))/((-1)/624). Suppose 2*x + d = 6*x. What is the units digit of x?
8
Let o be -2 - (32 - 6/3). Let s = o - -19. Let a = s + 40. What is the units digit of a?
7
Suppose 0 = -3*o - 1 - 5. Let c be 1/((4/(-22))/o). Suppose -18 = -2*v + r, 0 = 2*v + r - 7 - c. What is the units digit of v?
9
Let f(c) = -25*c**3 + 71*c**2 + 6*c + 12. What is the units digit of f(-5)?
2
Suppose 0 = 20*d + 28569 - 96149. What is the units digit of d?
9
Suppose 3*x = -2*x - 15, -5*y + 161 = 3*x. Suppose 0 = 39*u - y*u - 365. What is the units digit of u?
3
Suppose 1 = w - 3. Suppose w*f - f = -z + 29, 3*f = -4*z + 152. What is the tens digit of z?
4
Suppose 4*k = -5*g + 2921, 0*k + k = -g + 729. What is the tens digit of k?
2
Let z = 27 - 13. Let r be (-2)/(-4) - 735/z. Let q = r - -94. What is the tens digit of q?
4
Let v(u) = u + 4. Let p be v(2). Let h(q) = q**3 - 6*q**2 - 2*q + 12. Let g be h(p). Suppose g*d - 41 = -d. What is the tens digit of d?
4
Let o(v) = -10*v - 1. Let n be o(-6). Suppose -2*h + 126 = -0*h - 2*q, h = -q + n. What is the tens digit of h?
6
Let y(l) = 7*l - 4*l + 15 + 2*l**2 - 3 + 0. What is the tens digit of y(-5)?
4
Let i(z) = 23 - 30 + 12*z**2 + 14 + 5*z - z**3. What is the units digit of i(9)?
5
What is the hundreds digit of 2/9 + 54379/117?
4
Let s be (-1 - 3) + (9 - 1). Suppose -s*b + 168 = -0*b. What is the tens digit of b?
4
Suppose -7*o + 2*o = -2045. Suppose 211 = 3*q + 5*f - 42, -o = -5*q - 2*f. What is the tens digit of q?
8
Let g = -480 + 1251. What is the tens digit of g?
7
Let i(m) = -282*m - 240. What is the thousands digit of i(-9)?
2
Let x(n) = -2*n - 8. Let s be x(-9). Let j = 12 - s. Suppose 2*m = j*d + 40 - 0, m - 5*d = 28. What is the tens digit of m?
1
Suppose 0*g + 4*f = -3*g + 712, -f + 239 = g. What is the hundreds digit of g?
2
Let b(u) = 6*u**2 - 76*u + 66. What is the units digit of b(22)?
8
Suppose -3*f = 3*m + 3, 5*f - 2*m = 2*m - 50. Let y(c) = c**3 + 7*c**2 + 5*c + 5. What is the units digit of y(f)?
1
Suppose -3*t + t = -4. Suppose 5*r = 2*o + 128, 4*r + 3*o - 36 = t*r. What is the tens digit of r?
2
Let h(w) = 2*w + 4. Suppose -6 = -2*t + 4*j, 5*j + 0 = -3*t + 20. Let x be h(t). Suppose 0 = f - 70 + x. What is the units digit of f?
6
Let b(d) = -d**2 - 10*d - 3. Let q be b(-9). Let i be -1 + (-2 - (1 - q)). Suppose -4*x - 2*c = -106, 14 - 4 = -i*c. What is the units digit of x?
9
What is the tens digit of (-59285)/(-55) + 2 + 210/(-110)?
7
Let p(m) = 66*m**2 + 9*m + 13. What is the tens digit of p(-5)?
1
Let a(c) = -c**3 + 5*c**2 - 3*c - 2. Let h be a(5). Let f = -12 - h. Suppose 4*r + 2 = f*r. What is the units digit of r?
2
What is the hundreds digit of (45/(-20) + 1)/((-4)/3344)?
0
Let y = 106 + -97. Let o(c) = 6*c - 4*c + 19 - 3*c. What is the tens digit of o(y)?
1
Let j = -33 - -31. Let w(i) = i**2 - i - 3. What is the units digit of w(j)?
3
Let a = 429 + -146. What is the tens digit of a?
8
Let z = 130 + -38. Let j = z - 13. What is the tens digit of j?
7
Let d = -28 - -16. What is the tens digit of -2*(-3)/(-4)*d?
1
Suppose f = -0*f - 2*j - 4, 4*f = -3*j - 1. Suppose 4*t = -f*v + 14, t = 3*v - 2*t - 39. Suppose -53 = -3*h - v. What is the units digit of h?
4
Suppose 0 = -3*n - 0 + 27. Suppose -n*r = -12*r + 39. What is the units digit of r?
3
Suppose -43*t + 25173 = -174777. What is the units digit of t?
0
Suppose 161 - 25 = 2*q. Suppose -5*w = -192 - q. What is the units digit of w?
2
Suppose 5*b + 4*x - 197 - 159 = 0, 218 = 3*b - 2*x. What is the tens digit of b?
7
Suppose 78*o - 75*o = 1638. What is the units digit of o?
6
Suppose 0 = -q - 30*q + 22165. What is the units digit of q?
5
Let o(a) = -98*a - 4. Let n be o(-7). Suppose 4*q - n = -26. What is the tens digit of q?
6
Let o(m) = m**2 + 6*m + 5. Let y be o(-5). Suppose -c - 72 = -y*c - 4*n, 5*n = -c - 72. Let j = c + 117. What is the units digit of j?
5
Let r(d) = -d - 5. Let n be r(-7). Suppose n*f + 4 - 2 = 0. Let q = 69 - f. What is the tens digit of q?
7
Suppose 0 = 39*j - 32*j - 1197. What is the hundreds digit of j?
1
Suppose -3*q = 5*b - 2405, 5*q + 25 = -0*q. What is the hundreds digit of b?
4
Let t(x) = 6*x + 5. Suppose -13*c + 15*c = -6. Let p(b) = -2*